{"id":1923,"date":"2025-10-11T09:40:45","date_gmt":"2025-10-11T09:40:45","guid":{"rendered":"https:\/\/formationsd33.fr\/?page_id=1923"},"modified":"2026-04-05T21:00:33","modified_gmt":"2026-04-05T21:00:33","slug":"mentions-legales","status":"publish","type":"page","link":"https:\/\/formationsd33.fr\/index.php\/mentions-legales\/","title":{"rendered":"Mentions l\u00e9gales"},"content":{"rendered":"\t\t<div data-elementor-type=\"wp-page\" data-elementor-id=\"1923\" class=\"elementor elementor-1923\" data-elementor-post-type=\"page\">\n\t\t\t\t<div class=\"elementor-element elementor-element-7b21a6b e-flex e-con-boxed e-con e-parent\" data-id=\"7b21a6b\" data-element_type=\"container\" data-settings=\"{&quot;background_background&quot;:&quot;classic&quot;}\">\n\t\t\t\t\t<div class=\"e-con-inner\">\n\t\t\t\t<div class=\"elementor-element elementor-element-e827608 elementor-widget elementor-widget-heading\" data-id=\"e827608\" data-element_type=\"widget\" data-widget_type=\"heading.default\">\n\t\t\t\t\t<h2 class=\"elementor-heading-title elementor-size-default\">Mentions l\u00e9gales<\/h2>\t\t\t\t<\/div>\n\t\t\t\t\t<\/div>\n\t\t\t\t<\/div>\n\t\t<div class=\"elementor-element elementor-element-3c3edcf e-flex e-con-boxed e-con e-parent\" data-id=\"3c3edcf\" data-element_type=\"container\">\n\t\t\t\t\t<div class=\"e-con-inner\">\n\t\t\t\t<div class=\"elementor-element elementor-element-c9f3c3e elementor-widget elementor-widget-heading\" data-id=\"c9f3c3e\" data-element_type=\"widget\" data-widget_type=\"heading.default\">\n\t\t\t\t\t<h2 class=\"elementor-heading-title elementor-size-default\">1. \u00c9diteur du site<\/h2>\t\t\t\t<\/div>\n\t\t\t\t<div class=\"elementor-element elementor-element-ddc3581 elementor-widget elementor-widget-text-editor\" data-id=\"ddc3581\" data-element_type=\"widget\" data-widget_type=\"text-editor.default\">\n\t\t\t\t\t\t\t\t\t<p>Le pr\u00e9sent site est \u00e9dit\u00e9 par :<br \/><strong>Formation SD33<\/strong><br \/>G\u00e9r\u00e9 par <strong>S\u00e9bastien Doutremepuich<\/strong><br \/>Adresse : 18 rue Georges Barres<br \/>33300 BORDEAUX<br \/>Email : <strong>contact@formationsd33.fr<\/strong><\/p><p>T\u00e9l\u00e9phone : 07 44 64 34 19<br \/>Num\u00e9ro SIRET : 94412786900013<\/p><p>L\u2019activit\u00e9 de<strong> Formation SD33<\/strong> consiste en la mise en \u0153uvre de <strong>formations professionnelles certifiantes dans le secteur du b\u00e2timent,<\/strong> destin\u00e9es aux salari\u00e9s, demandeurs d\u2019emploi et professionnels du b\u00e2timent.<\/p>\t\t\t\t\t\t\t\t<\/div>\n\t\t\t\t<div class=\"elementor-element elementor-element-c492772 elementor-widget elementor-widget-heading\" data-id=\"c492772\" data-element_type=\"widget\" data-widget_type=\"heading.default\">\n\t\t\t\t\t<h2 class=\"elementor-heading-title elementor-size-default\">2. Directeur de la publication<\/h2>\t\t\t\t<\/div>\n\t\t\t\t<div class=\"elementor-element elementor-element-4786364 elementor-widget elementor-widget-text-editor\" data-id=\"4786364\" data-element_type=\"widget\" data-widget_type=\"text-editor.default\">\n\t\t\t\t\t\t\t\t\t<p>Le directeur de la publication du site est <strong>S\u00e9bastien Doutremepuich<\/strong>, en qualit\u00e9 de g\u00e9rant du centre de formation Formation SD33.<\/p>\t\t\t\t\t\t\t\t<\/div>\n\t\t\t\t<div class=\"elementor-element elementor-element-f89a693 elementor-widget elementor-widget-heading\" data-id=\"f89a693\" data-element_type=\"widget\" data-widget_type=\"heading.default\">\n\t\t\t\t\t<h2 class=\"elementor-heading-title elementor-size-default\">3. H\u00e9bergeur du site<\/h2>\t\t\t\t<\/div>\n\t\t\t\t<div class=\"elementor-element elementor-element-2e31842 elementor-widget elementor-widget-text-editor\" data-id=\"2e31842\" data-element_type=\"widget\" data-widget_type=\"text-editor.default\">\n\t\t\t\t\t\t\t\t\t<p>Le site est h\u00e9berg\u00e9 par : OVH \u2013 2 rue Kellermann &#8211; 59100 Roubaix &#8211; France<br \/>Localisation du serveur d&rsquo;h\u00e9bergement : France<\/p>\t\t\t\t\t\t\t\t<\/div>\n\t\t\t\t<div class=\"elementor-element elementor-element-d5417a4 elementor-widget elementor-widget-heading\" data-id=\"d5417a4\" data-element_type=\"widget\" data-widget_type=\"heading.default\">\n\t\t\t\t\t<h2 class=\"elementor-heading-title elementor-size-default\">4. Propri\u00e9t\u00e9 intellectuelle<\/h2>\t\t\t\t<\/div>\n\t\t\t\t<div class=\"elementor-element elementor-element-9da6398 elementor-widget elementor-widget-text-editor\" data-id=\"9da6398\" data-element_type=\"widget\" data-widget_type=\"text-editor.default\">\n\t\t\t\t\t\t\t\t\t<p>L\u2019ensemble du contenu du site <strong>Formation SD33<\/strong> (textes, images, photos, vid\u00e9os, logos, \u00e9l\u00e9ments graphiques, structure, code source) est prot\u00e9g\u00e9 par les lois fran\u00e7aises et internationales relatives \u00e0 la propri\u00e9t\u00e9 intellectuelle.<br \/>Toute reproduction, repr\u00e9sentation, modification ou diffusion, totale ou partielle, sans autorisation \u00e9crite pr\u00e9alable de Formation SD33, est strictement interdite.<\/p>\t\t\t\t\t\t\t\t<\/div>\n\t\t\t\t<div class=\"elementor-element elementor-element-7967ef4 elementor-widget elementor-widget-heading\" data-id=\"7967ef4\" data-element_type=\"widget\" data-widget_type=\"heading.default\">\n\t\t\t\t\t<h2 class=\"elementor-heading-title elementor-size-default\">5. Donn\u00e9es personnelles<\/h2>\t\t\t\t<\/div>\n\t\t\t\t<div class=\"elementor-element elementor-element-4e2ca66 elementor-widget elementor-widget-text-editor\" data-id=\"4e2ca66\" data-element_type=\"widget\" data-widget_type=\"text-editor.default\">\n\t\t\t\t\t\t\t\t\t<p>Les informations collect\u00e9es via les formulaires du site font l\u2019objet d\u2019un traitement conforme au <strong>R\u00e8glement G\u00e9n\u00e9ral sur la Protection des Donn\u00e9es (RGPD).<\/strong><br \/>Pour en savoir plus sur la collecte, le traitement et vos droits, veuillez consulter notre Politique de confidentialit\u00e9.<\/p>\t\t\t\t\t\t\t\t<\/div>\n\t\t\t\t<div class=\"elementor-element elementor-element-af3b703 elementor-widget elementor-widget-heading\" data-id=\"af3b703\" data-element_type=\"widget\" data-widget_type=\"heading.default\">\n\t\t\t\t\t<h2 class=\"elementor-heading-title elementor-size-default\">6. Responsabilit\u00e9<\/h2>\t\t\t\t<\/div>\n\t\t\t\t<div class=\"elementor-element elementor-element-3274c5b elementor-widget elementor-widget-text-editor\" data-id=\"3274c5b\" data-element_type=\"widget\" data-widget_type=\"text-editor.default\">\n\t\t\t\t\t\t\t\t\t<p><strong>Formation SD33<\/strong> s\u2019efforce d\u2019assurer l\u2019exactitude et la mise \u00e0 jour des informations publi\u00e9es sur ce site.<br \/>Toutefois, des erreurs ou omissions peuvent survenir ; Formation SD33 ne saurait \u00eatre tenu responsable de l\u2019utilisation ou de l\u2019interpr\u00e9tation de ces informations.<br \/>Le visiteur reconna\u00eet utiliser le site sous sa seule responsabilit\u00e9.<\/p>\t\t\t\t\t\t\t\t<\/div>\n\t\t\t\t<div class=\"elementor-element elementor-element-3d2c991 elementor-widget elementor-widget-heading\" data-id=\"3d2c991\" data-element_type=\"widget\" data-widget_type=\"heading.default\">\n\t\t\t\t\t<h2 class=\"elementor-heading-title elementor-size-default\">7. Liens externes<\/h2>\t\t\t\t<\/div>\n\t\t\t\t<div class=\"elementor-element elementor-element-78ce01f elementor-widget elementor-widget-text-editor\" data-id=\"78ce01f\" data-element_type=\"widget\" data-widget_type=\"text-editor.default\">\n\t\t\t\t\t\t\t\t\t<p>Le site peut contenir des liens vers d\u2019autres sites.<br \/><strong>Formation SD33<\/strong> n\u2019exerce aucun contr\u00f4le sur le contenu de ces sites tiers et d\u00e9cline toute responsabilit\u00e9 quant \u00e0 leur disponibilit\u00e9, leur contenu ou leur politique de confidentialit\u00e9.<br \/>Le visiteur reconna\u00eet utiliser le site sous sa seule responsabilit\u00e9.<\/p>\t\t\t\t\t\t\t\t<\/div>\n\t\t\t\t<div class=\"elementor-element elementor-element-2f95d4b elementor-widget elementor-widget-heading\" data-id=\"2f95d4b\" data-element_type=\"widget\" data-widget_type=\"heading.default\">\n\t\t\t\t\t<h2 class=\"elementor-heading-title elementor-size-default\">8. Droit applicable<\/h2>\t\t\t\t<\/div>\n\t\t\t\t<div class=\"elementor-element elementor-element-e2444fb elementor-widget elementor-widget-text-editor\" data-id=\"e2444fb\" data-element_type=\"widget\" data-widget_type=\"text-editor.default\">\n\t\t\t\t\t\t\t\t\t<p>Le pr\u00e9sent site et ses mentions l\u00e9gales sont soumis au droit fran\u00e7ais.<br \/>Tout litige relatif \u00e0 son utilisation rel\u00e8ve de la comp\u00e9tence exclusive des tribunaux fran\u00e7ais.<\/p><p>\ud83d\udcc5 Derni\u00e8re mise \u00e0 jour : Avril 2026<br \/>\u00a9 Formation SD33 \u2013 Tous droits r\u00e9serv\u00e9s.<\/p>\t\t\t\t\t\t\t\t<\/div>\n\t\t\t\t\t<\/div>\n\t\t\t\t<\/div>\n\t\t\t\t<\/div>\n\t\t","protected":false},"excerpt":{"rendered":"<p>Mentions l\u00e9gales 1. \u00c9diteur du site Le pr\u00e9sent site est \u00e9dit\u00e9 par :Formation SD33G\u00e9r\u00e9 par S\u00e9bastien DoutremepuichAdresse : 18 rue Georges Barres33300 BORDEAUXEmail : contact@formationsd33.fr T\u00e9l\u00e9phone : 07 44 64 34 19Num\u00e9ro SIRET : 94412786900013 L\u2019activit\u00e9 de Formation SD33 consiste en la mise en \u0153uvre de formations professionnelles certifiantes dans le secteur du b\u00e2timent, destin\u00e9es [&hellip;]<\/p>\n","protected":false},"author":1,"featured_media":0,"parent":0,"menu_order":0,"comment_status":"closed","ping_status":"closed","template":"","meta":{"footnotes":""},"class_list":["post-1923","page","type-page","status-publish","hentry"],"yoast_head":"<!-- This site is optimized with the Yoast SEO plugin v26.7 - https:\/\/yoast.com\/wordpress\/plugins\/seo\/ -->\n<title>Mentions l\u00e9gales | Formation SD33 Bordeaux<\/title>\n<meta name=\"description\" content=\"Consultez les mentions l\u00e9gales du site Formation SD33 \u00e0 Bordeaux : informations sur l\u2019\u00e9diteur, l\u2019h\u00e9bergement et la protection des donn\u00e9es personnelles.\" \/>\n<meta name=\"robots\" content=\"index, follow, max-snippet:-1, max-image-preview:large, max-video-preview:-1\" \/>\n<link rel=\"canonical\" href=\"https:\/\/formationsd33.fr\/index.php\/mentions-legales\/\" \/>\n<meta property=\"og:locale\" content=\"fr_FR\" \/>\n<meta property=\"og:type\" content=\"article\" \/>\n<meta property=\"og:title\" content=\"Mentions l\u00e9gales | Formation SD33 Bordeaux\" \/>\n<meta property=\"og:description\" content=\"Consultez les mentions l\u00e9gales du site Formation SD33 \u00e0 Bordeaux : informations sur l\u2019\u00e9diteur, l\u2019h\u00e9bergement et la protection des donn\u00e9es personnelles.\" \/>\n<meta property=\"og:url\" content=\"https:\/\/formationsd33.fr\/index.php\/mentions-legales\/\" \/>\n<meta property=\"og:site_name\" content=\"FormationSD33\" \/>\n<meta property=\"article:publisher\" content=\"https:\/\/www.instagram.com\/formationsd33\/\" \/>\n<meta property=\"article:modified_time\" content=\"2026-04-05T21:00:33+00:00\" \/>\n<meta name=\"twitter:card\" content=\"summary_large_image\" \/>\n<meta name=\"twitter:label1\" content=\"Dur\u00e9e de lecture estim\u00e9e\" \/>\n\t<meta name=\"twitter:data1\" content=\"2 minutes\" \/>\n<script type=\"application\/ld+json\" class=\"yoast-schema-graph\">{\"@context\":\"https:\/\/schema.org\",\"@graph\":[{\"@type\":\"WebPage\",\"@id\":\"https:\/\/formationsd33.fr\/index.php\/mentions-legales\/\",\"url\":\"https:\/\/formationsd33.fr\/index.php\/mentions-legales\/\",\"name\":\"Mentions l\u00e9gales | Formation SD33 Bordeaux\",\"isPartOf\":{\"@id\":\"https:\/\/formationsd33.fr\/#website\"},\"datePublished\":\"2025-10-11T09:40:45+00:00\",\"dateModified\":\"2026-04-05T21:00:33+00:00\",\"description\":\"Consultez les mentions l\u00e9gales du site Formation SD33 \u00e0 Bordeaux : informations sur l\u2019\u00e9diteur, l\u2019h\u00e9bergement et la protection des donn\u00e9es personnelles.\",\"breadcrumb\":{\"@id\":\"https:\/\/formationsd33.fr\/index.php\/mentions-legales\/#breadcrumb\"},\"inLanguage\":\"fr-FR\",\"potentialAction\":[{\"@type\":\"ReadAction\",\"target\":[\"https:\/\/formationsd33.fr\/index.php\/mentions-legales\/\"]}]},{\"@type\":\"BreadcrumbList\",\"@id\":\"https:\/\/formationsd33.fr\/index.php\/mentions-legales\/#breadcrumb\",\"itemListElement\":[{\"@type\":\"ListItem\",\"position\":1,\"name\":\"Accueil\",\"item\":\"https:\/\/formationsd33.fr\/\"},{\"@type\":\"ListItem\",\"position\":2,\"name\":\"Mentions l\u00e9gales\"}]},{\"@type\":\"WebSite\",\"@id\":\"https:\/\/formationsd33.fr\/#website\",\"url\":\"https:\/\/formationsd33.fr\/\",\"name\":\"FormationSD33\",\"description\":\"\",\"publisher\":{\"@id\":\"https:\/\/formationsd33.fr\/#organization\"},\"potentialAction\":[{\"@type\":\"SearchAction\",\"target\":{\"@type\":\"EntryPoint\",\"urlTemplate\":\"https:\/\/formationsd33.fr\/?s={search_term_string}\"},\"query-input\":{\"@type\":\"PropertyValueSpecification\",\"valueRequired\":true,\"valueName\":\"search_term_string\"}}],\"inLanguage\":\"fr-FR\"},{\"@type\":\"Organization\",\"@id\":\"https:\/\/formationsd33.fr\/#organization\",\"name\":\"FormationSD33\",\"url\":\"https:\/\/formationsd33.fr\/\",\"logo\":{\"@type\":\"ImageObject\",\"inLanguage\":\"fr-FR\",\"@id\":\"https:\/\/formationsd33.fr\/#\/schema\/logo\/image\/\",\"url\":\"https:\/\/formationsd33.fr\/wp-content\/uploads\/2025\/10\/Logo-formation-SD33.png\",\"contentUrl\":\"https:\/\/formationsd33.fr\/wp-content\/uploads\/2025\/10\/Logo-formation-SD33.png\",\"width\":1500,\"height\":780,\"caption\":\"FormationSD33\"},\"image\":{\"@id\":\"https:\/\/formationsd33.fr\/#\/schema\/logo\/image\/\"},\"sameAs\":[\"https:\/\/www.instagram.com\/formationsd33\/\"]}]}<\/script>\n<!-- \/ Yoast SEO plugin. -->","yoast_head_json":{"title":"Mentions l\u00e9gales | Formation SD33 Bordeaux","description":"Consultez les mentions l\u00e9gales du site Formation SD33 \u00e0 Bordeaux : informations sur l\u2019\u00e9diteur, l\u2019h\u00e9bergement et la protection des donn\u00e9es personnelles.","robots":{"index":"index","follow":"follow","max-snippet":"max-snippet:-1","max-image-preview":"max-image-preview:large","max-video-preview":"max-video-preview:-1"},"canonical":"https:\/\/formationsd33.fr\/index.php\/mentions-legales\/","og_locale":"fr_FR","og_type":"article","og_title":"Mentions l\u00e9gales | Formation SD33 Bordeaux","og_description":"Consultez les mentions l\u00e9gales du site Formation SD33 \u00e0 Bordeaux : informations sur l\u2019\u00e9diteur, l\u2019h\u00e9bergement et la protection des donn\u00e9es personnelles.","og_url":"https:\/\/formationsd33.fr\/index.php\/mentions-legales\/","og_site_name":"FormationSD33","article_publisher":"https:\/\/www.instagram.com\/formationsd33\/","article_modified_time":"2026-04-05T21:00:33+00:00","twitter_card":"summary_large_image","twitter_misc":{"Dur\u00e9e de lecture estim\u00e9e":"2 minutes"},"schema":{"@context":"https:\/\/schema.org","@graph":[{"@type":"WebPage","@id":"https:\/\/formationsd33.fr\/index.php\/mentions-legales\/","url":"https:\/\/formationsd33.fr\/index.php\/mentions-legales\/","name":"Mentions l\u00e9gales | Formation SD33 Bordeaux","isPartOf":{"@id":"https:\/\/formationsd33.fr\/#website"},"datePublished":"2025-10-11T09:40:45+00:00","dateModified":"2026-04-05T21:00:33+00:00","description":"Consultez les mentions l\u00e9gales du site Formation SD33 \u00e0 Bordeaux : informations sur l\u2019\u00e9diteur, l\u2019h\u00e9bergement et la protection des donn\u00e9es personnelles.","breadcrumb":{"@id":"https:\/\/formationsd33.fr\/index.php\/mentions-legales\/#breadcrumb"},"inLanguage":"fr-FR","potentialAction":[{"@type":"ReadAction","target":["https:\/\/formationsd33.fr\/index.php\/mentions-legales\/"]}]},{"@type":"BreadcrumbList","@id":"https:\/\/formationsd33.fr\/index.php\/mentions-legales\/#breadcrumb","itemListElement":[{"@type":"ListItem","position":1,"name":"Accueil","item":"https:\/\/formationsd33.fr\/"},{"@type":"ListItem","position":2,"name":"Mentions l\u00e9gales"}]},{"@type":"WebSite","@id":"https:\/\/formationsd33.fr\/#website","url":"https:\/\/formationsd33.fr\/","name":"FormationSD33","description":"","publisher":{"@id":"https:\/\/formationsd33.fr\/#organization"},"potentialAction":[{"@type":"SearchAction","target":{"@type":"EntryPoint","urlTemplate":"https:\/\/formationsd33.fr\/?s={search_term_string}"},"query-input":{"@type":"PropertyValueSpecification","valueRequired":true,"valueName":"search_term_string"}}],"inLanguage":"fr-FR"},{"@type":"Organization","@id":"https:\/\/formationsd33.fr\/#organization","name":"FormationSD33","url":"https:\/\/formationsd33.fr\/","logo":{"@type":"ImageObject","inLanguage":"fr-FR","@id":"https:\/\/formationsd33.fr\/#\/schema\/logo\/image\/","url":"https:\/\/formationsd33.fr\/wp-content\/uploads\/2025\/10\/Logo-formation-SD33.png","contentUrl":"https:\/\/formationsd33.fr\/wp-content\/uploads\/2025\/10\/Logo-formation-SD33.png","width":1500,"height":780,"caption":"FormationSD33"},"image":{"@id":"https:\/\/formationsd33.fr\/#\/schema\/logo\/image\/"},"sameAs":["https:\/\/www.instagram.com\/formationsd33\/"]}]}},"_links":{"self":[{"href":"https:\/\/formationsd33.fr\/index.php\/wp-json\/wp\/v2\/pages\/1923","targetHints":{"allow":["GET"]}}],"collection":[{"href":"https:\/\/formationsd33.fr\/index.php\/wp-json\/wp\/v2\/pages"}],"about":[{"href":"https:\/\/formationsd33.fr\/index.php\/wp-json\/wp\/v2\/types\/page"}],"author":[{"embeddable":true,"href":"https:\/\/formationsd33.fr\/index.php\/wp-json\/wp\/v2\/users\/1"}],"replies":[{"embeddable":true,"href":"https:\/\/formationsd33.fr\/index.php\/wp-json\/wp\/v2\/comments?post=1923"}],"version-history":[{"count":67,"href":"https:\/\/formationsd33.fr\/index.php\/wp-json\/wp\/v2\/pages\/1923\/revisions"}],"predecessor-version":[{"id":2539,"href":"https:\/\/formationsd33.fr\/index.php\/wp-json\/wp\/v2\/pages\/1923\/revisions\/2539"}],"wp:attachment":[{"href":"https:\/\/formationsd33.fr\/index.php\/wp-json\/wp\/v2\/media?parent=1923"}],"curies":[{"name":"wp","href":"https:\/\/api.w.org\/{rel}","templated":true}]}}